{"id":182,"date":"2024-08-04T22:58:56","date_gmt":"2024-08-05T01:58:56","guid":{"rendered":"https:\/\/devjean.com.br\/loja\/?post_type=product&#038;p=182"},"modified":"2025-07-09T17:55:01","modified_gmt":"2025-07-09T20:55:01","slug":"software-wahammer","status":"publish","type":"product","link":"https:\/\/devjean.com.br\/loja\/produto\/software-wahammer\/","title":{"rendered":"Software WaHammer 1.4.0"},"content":{"rendered":"<p>Evite problemas com banimentos! Aque\u00e7a o seu n\u00famero antes de enviar mensagens, seja de forma manual ou autom\u00e1tica com o WaHammer, economizando muito tempo. Comprar um novo n\u00famero e enviar mensagens indiscriminadamente resultar\u00e1 em banimento r\u00e1pido. Um hist\u00f3rico de conversas \u00e9 crucial para evitar isso. Lembre-se de que o hist\u00f3rico \u00e9 apenas um dos fatores; \u00e9 recomend\u00e1vel participar de grupos e ter uma lista de contatos extensa, entre outras pr\u00e1ticas.<\/p>\n<p>&nbsp;<\/p>\n<p><img fetchpriority=\"high\" decoding=\"async\" class=\"size-medium wp-image-1055 alignright\" src=\"https:\/\/devjean.com.br\/loja\/wp-content\/uploads\/2024\/08\/Whatsapp-bloqueadoe-300x300.webp\" alt=\"\" width=\"300\" height=\"300\" \/><\/p>\n<h2>J\u00e1 passou por isso?<\/h2>\n<p>Se voc\u00ea j\u00e1 teve sua conta banida no WhatsApp, sabe o qu\u00e3o frustrante pode ser, especialmente quando \u00e9 um n\u00famero que muitas pessoas j\u00e1 t\u00eam em seus contatos.<\/p>\n<h2>N\u00e3o usar chips aquecidos para disparos em massa no WhatsApp pode acarretar em:<\/h2>\n<ul>\n<li>Bloqueio de contas devido a atividade suspeita.<\/li>\n<li>Menos convers\u00f5es e vendas.<\/li>\n<li>Potencial para ser identificado como spam.<\/li>\n<li>Risco de reputa\u00e7\u00e3o prejudicada.<\/li>\n<\/ul>\n<h2>Principais benef\u00edcios:<\/h2>\n<p>Com o Maturador de Chip, voc\u00ea vai ganhar tempo no processo de esquentar seus chips de forma autom\u00e1tica para disparos em massa no WhatsApp.<\/p>\n<p>Essas s\u00e3o as fun\u00e7\u00f5es dispon\u00edveis no Maturador de chip: m\u00faltiplas janelas,exportar contatos,lista de conversas e mensagem privada<\/p>\n<ul>\n<li>Melhora a entrega de mensagens.<\/li>\n<li>Reduz o risco de bloqueio de contas.<\/li>\n<li>Menos risco de ser identificado como spam.<\/li>\n<li>Aumenta o retorno sobre o investimento (ROI).<\/li>\n<\/ul>\n<h5><strong><span style=\"color: #ff0000;\">Oque voc\u00ea est\u00e1 comprando?<\/span><\/strong><\/h5>\n<h5><strong><span style=\"color: #ff0000;\">Licen\u00e7a anual para o Software WaHammer.\u00a0<\/span><\/strong><\/h5>\n<p>&nbsp;<\/p>\n<p>Changelog: V. 1.4.0<\/p>\n<p>\ud83d\udce2 \ud83d\ude80 Nova Vers\u00e3o WaHammer 1.4.0 Dispon\u00edvel<\/p>\n<p>&#8211; Agora \u00e9 poss\u00edvel carregar e remover contas facilmente.<br \/>\n&#8211; Proxy individual para cada conta adicionado em &#8220;Configura\u00e7\u00f5es&#8221;.<br \/>\n&#8211; Novo recurso Group Warmer: contas podem interagir em grupo automaticamente.<\/p>\n","protected":false},"excerpt":{"rendered":"<p>WaHammer \u2013 Aque\u00e7a seu chip para obter melhores resultados ao enviar mensagens com um aquecedor leve e altamente eficaz.<\/p>\n","protected":false},"featured_media":185,"comment_status":"open","ping_status":"closed","template":"","meta":{"_acf_changed":false},"product_brand":[],"product_cat":[24,25],"product_tag":[26,27,28,29],"class_list":{"0":"post-182","1":"product","2":"type-product","3":"status-publish","4":"has-post-thumbnail","6":"product_cat-software","7":"product_cat-software-para-whatsapp","8":"product_tag-aquecedor-de-chip","9":"product_tag-software","10":"product_tag-wahammer","11":"product_tag-whatsapp","13":"first","14":"outofstock","15":"sale","16":"downloadable","17":"taxable","18":"shipping-taxable","19":"purchasable","20":"product-type-simple"},"acf":[],"_links":{"self":[{"href":"https:\/\/devjean.com.br\/loja\/wp-json\/wp\/v2\/product\/182","targetHints":{"allow":["GET"]}}],"collection":[{"href":"https:\/\/devjean.com.br\/loja\/wp-json\/wp\/v2\/product"}],"about":[{"href":"https:\/\/devjean.com.br\/loja\/wp-json\/wp\/v2\/types\/product"}],"replies":[{"embeddable":true,"href":"https:\/\/devjean.com.br\/loja\/wp-json\/wp\/v2\/comments?post=182"}],"version-history":[{"count":0,"href":"https:\/\/devjean.com.br\/loja\/wp-json\/wp\/v2\/product\/182\/revisions"}],"wp:featuredmedia":[{"embeddable":true,"href":"https:\/\/devjean.com.br\/loja\/wp-json\/wp\/v2\/media\/185"}],"wp:attachment":[{"href":"https:\/\/devjean.com.br\/loja\/wp-json\/wp\/v2\/media?parent=182"}],"wp:term":[{"taxonomy":"product_brand","embeddable":true,"href":"https:\/\/devjean.com.br\/loja\/wp-json\/wp\/v2\/product_brand?post=182"},{"taxonomy":"product_cat","embeddable":true,"href":"https:\/\/devjean.com.br\/loja\/wp-json\/wp\/v2\/product_cat?post=182"},{"taxonomy":"product_tag","embeddable":true,"href":"https:\/\/devjean.com.br\/loja\/wp-json\/wp\/v2\/product_tag?post=182"}],"curies":[{"name":"wp","href":"https:\/\/api.w.org\/{rel}","templated":true}]}}